e greatest common divisor of j and 28.
28
Let s = 17 + -41. Let t = -13 - s. Let b = 25 - -63. Calculate the highest common divisor of b and t.
11
Let b be (-1495)/26*(-1 - -3). Let x be 16/(5 + 570/b). Calculate the greatest common factor of x and 46.
46
Let k = 13624 + -13612. What is the greatest common divisor of k and 8796?
12
Let t be (-6)/(-20) - 15769/130. Let q be (-13530)/t + (-2)/(-11). What is the greatest common divisor of 16 and q?
16
Let v = -38 - -37. Let f be 4/v + 21 + 0. Suppose f = 4*t - 15. Calculate the greatest common divisor of 12 and t.
4
Let z = 1075 + 505. What is the greatest common factor of z and 5?
5
Let x(o) = -5*o. Let g be x(-6). Let p(w) = 9*w**3 + 259*w**2 - 67*w - 225. Let m be p(-29). What is the highest common divisor of m and g?
6
Suppose -3*j + 10 = 2*m, 4 = -m - 7*j + 10*j. What is the highest common factor of 452 and m?
2
Let u(y) = y**3 - 21*y**2 + 130*y - 60. Let n be u(17). What is the greatest common factor of 518 and n?
14
Let f = 46 - 19. Suppose -530 = 2*h - 5*q, -h + 5*q - 60 = 195. Let b = h + 338. Calculate the greatest common divisor of f and b.
9
Suppose -8*g = 9*g - 136. Suppose 2*p = 3*h, -p + 3 = -2*p + 3*h. Suppose -17 = -p*k - g. Calculate the highest common factor of k and 2.
1
Let k be 1 - 69/92 - (-395)/4. Let y = -57 + 288. What is the highest common factor of y and k?
33
Let b = -71 + 61. Let f(g) = -g**2 - 11*g. Let j be f(b). Suppose -13 - 77 = -j*k. What is the greatest common divisor of 9 and k?
9
Let c be -4 - (-2)/((-16)/(-84) + (-8)/(-56)). What is the greatest common factor of c and 1176?
2
Let b = -10 + 3. Let g(l) = -24*l - 146. Let z be g(b). What is the highest common factor of 352 and z?
22
Let t(w) = 2*w**3 - 10*w**2 + 17*w - 3. Let v be t(3). Calculate the highest common divisor of 3174 and v.
6
Let u = -80 + 71. Let w be -1*u/((-9)/(-2)). Calculate the highest common divisor of w and 10.
2
Suppose 2*w - 88 = -a, 2*w - 80 = 3*a - 0*a. Calculate the highest common factor of 5461 and w.
43
Let s = -10967 + 11214. Calculate the highest common factor of 52 and s.
13
Suppose 22 - 31 = -k + 102. Calculate the highest common factor of k and 888.
111
Let j(v) = 41. Let y = 64 - 59. Let z(a) = -a + 41. Let c(d) = y*j(d) - 4*z(d). Let t be c(-10). Calculate the highest common divisor of 3 and t.
1
Let t(j) = 4*j**2 + 39*j + 200. Let l be t(-24). Calculate the greatest common divisor of l and 294.
98
Let f(w) = 7*w - 94. Let t be f(14). Let g be 6198/30 + 1 + t/10. Calculate the greatest common divisor of g and 32.
16
Suppose 0 = j - 3*j - 507 + 1731. Calculate the greatest common divisor of j and 2040.
204
Suppose 0 = -3*s - f - 35, s + 5 = -f + 2*f. Let q = 13 - s. What is the greatest common factor of 184 and q?
23
Let r be 0/(((-4)/(-4)*-3)/3). Suppose r = -16*h + 17*h - 520. What is the greatest common factor of h and 65?
65
Suppose -10289 = -46*d + 7743. What is the highest common factor of 504 and d?
56
Let c = 77359 + -53904. What is the highest common factor of c and 5?
5
Let j be 14 - (5 + 3/(-1)). Let x(n) = -4*n**2 + 200*n - 24. Let k be x(47). Calculate the highest common divisor of k and j.
12
Let d(t) be the first derivative of 4*t**3 - 5*t**2/2 + 12*t + 10. Let x be d(-4). What is the highest common divisor of x and 28?
28
Suppose 5*s = 172 + 233. Suppose -24420 = -182*d + 13678 - 3700. Calculate the greatest common divisor of s and d.
27
Let x(q) = 8*q**2 + 83*q - 55. Let k be x(-17). Calculate the highest common factor of 2303 and k.
47
Let x(b) = -2*b**2 + 5*b - 1. Let g be x(5). Let h be (g - 1)*(2/1 - 3). Let l = 31 - h. Calculate the greatest common divisor of 36 and l.
4
Suppose 3 = -7*k + 26 + 5. What is the highest common divisor of 606 and k?
2
Suppose 14163 + 134502 = 144*x + 111*x. What is the highest common divisor of x and 121?
11
Suppose -259949 - 3952 - 55563 = -51*m. What is the highest common factor of m and 648?
216
Suppose 9 = -2*y + 1, 2*x + 4*y = -8. Let f(l) = 4*l**2 - 14*l + 2. Let i be f(x). Suppose 55 = 2*d - 25. Calculate the greatest common factor of i and d.
10
Let t(d) = d**2 + 126. Let n be t(0). Let j(w) = -w**3 + w**2 + 417*w - 18. Let m be j(-20). Calculate the greatest common divisor of m and n.
42
Suppose -3*i + s + 87 = -824, -23*s = -4*i + 1388. Calculate the greatest common factor of i and 430.
43
Let c(x) = -x**2 - 35*x + 38. Let a be c(-36). Let h(u) = -u**3 - 11*u**2 - 11*u - 7. Let s be h(-10). What is the highest common factor of a and s?
1
Let o = -8967 - -10174. What is the highest common factor of 34 and o?
17
Suppose i + 17 = 4*q, -2*q + 2*i = 3*i - 1. Suppose 29*j = 32*j - q, 0 = -n + 2*j + 273. What is the greatest common factor of n and 33?
11
Suppose f + 0*f - 16 = 0. Suppose -3*m + f = 5*m. Suppose -54 = -m*k + 10. What is the greatest common factor of 48 and k?
16
Suppose 212 = 2*h - 110. Suppose 5*s + 5*d + 23 - 133 = 0, 0 = s + 5*d - 18. What is the highest common factor of h and s?
23
Let w = -212 - -223. Suppose 0 = -2*b - w*b + 130. Suppose 4*g - 113 = -5*y, 0 = -y - 2*y + g + 78. What is the greatest common divisor of b and y?
5
Let h be (-12)/18*(-18)/(-3 + 0). Let a be (3/(-3))/(h/8). Suppose -3*w - 4*z = 5, a*w + 0*w + 5*z + 15 = 0. Calculate the greatest common factor of 45 and w.
5
Let t(g) = 105*g**2 + 752*g - 752. Let l be t(1). Calculate the highest common divisor of l and 4935.
105
Suppose -2*u + 5438 + 1653 = 5*o, o + 4*u - 1393 = 0. Calculate the greatest common divisor of o and 5481.
203
Let l be (-30)/50 + (-428)/(-5). Let w(m) = 42*m - l*m + 42*m + 18. Let x be w(6). Calculate the greatest common factor of 156 and x.
12
Suppose 17*a = 61 + 2863. Suppose a*v = 168*v + 208. What is the greatest common factor of 572 and v?
52
Let h(o) = o**3 - 12*o**2 - 7*o - 11. Let q be h(15). Suppose -l = 5*z + 7, 3*l = 5*z - 8 + 67. Calculate the highest common factor of l and q.
13
Let y(n) = 67*n**2 + 238*n + 237. Let b be y(-1). What is the highest common factor of 407 and b?
11
Suppose 0 = -4*b - 16, 3*s = -0*s + 5*b + 11. Let p be ((-70)/(-40))/(s/(-540) - 0). What is the highest common factor of p and 35?
35
Let y(z) be the first derivative of -2*z**4 - 2*z**3/3 - 3*z**2 - 5*z + 29. Let g be y(-2). Let s = -73 - -91. What is the highest common divisor of s and g?
9
Suppose 4*k = -5*d + 146, 4 + 2 = -3*d. Let x = 6 + k. Let a(r) = r**3 + 9*r**2 + 21*r + 207. Let l be a(-9). Calculate the highest common factor of l and x.
9
Let t be (-37260)/35 + (-9)/21. Let d be ((-6)/(-4))/(-11 + t/(-96)). What is the greatest common divisor of 28 and d?
4
Suppose -16*u + 43*u = 324. What is the highest common divisor of u and 7188?
12
Let w(k) = 210*k**2 + 2. Let x be w(1). Suppose 0 = 10*t - 11*t + x. Let b = 328 - t. What is the highest common factor of b and 29?
29
Let g(t) = 88*t + 1962. Let h be g(-22). What is the highest common factor of h and 312?
26
Let u be (294/28)/(2/4). Suppose -16*t - 2640 = -u*t. What is the highest common divisor of 48 and t?
48
Let s(w) = w**2 - w + 3. Let f be s(-3). Suppose 2*n = 4*d, 3*n = 8*n + 5*d - f. Let j be (10/(-6))/(n/(-36)). Calculate the greatest common factor of 5 and j.
5
Suppose -5*g - 4*l + l + 44 = 0, -2*g = 3*l - 23. Suppose -g*a = -2 - 5. Let f be (a/(-4))/(2/(-232)). What is the highest common divisor of f and 319?
29
Let z(a) = -5*a**3 + 2*a**2 - a + 121. Let h be z(0). Let x(l) = l**3 + 6*l**2 - 3. Let k be x(-5). Calculate the highest common factor of k and h.
11
Suppose -18 = -3*o, -15*o = -4*k - 20*o + 38. Let s(q) = -q**3 + 3*q**2 - 2. Let y be s(2). What is the greatest common factor of y and k?
2
Suppose 9*r - 68 + 23 = 0. Suppose -r*b = -5*h - 2*b + 65, 3*h - 3*b = 33. Suppose -4*m + 65 - 1 = 0. Calculate the greatest common divisor of h and m.
16
Let w = 30 + 129. Let z be (-212)/w + (-566)/(-6). What is the greatest common factor of 6 and z?
3
Let d be 2*2/(-4) - (12 - 585). Let g = d + -464. Calculate the highest common factor of 36 and g.
36
Let p be 915 - (-2)/((-161)/35 + 5). What is the highest common divisor of p and 40?
40
Suppose -42*a + 49*a = -98*a + 144060. What is the greatest common divisor of 84 and a?
28
Let w be -14564*3/(-15) + 136/(-170). What is the greatest common factor of 91 and w?
91
Let p = -347 + 449. Suppose 0 = 3*g 